{"id":2589,"date":"2024-01-05T14:22:54","date_gmt":"2024-01-05T20:22:54","guid":{"rendered":"https:\/\/vyvarquitectura.com.mx\/?page_id=2589"},"modified":"2024-08-23T18:15:11","modified_gmt":"2024-08-23T23:15:11","slug":"quienes-somos","status":"publish","type":"page","link":"https:\/\/vyvarquitectura.com.mx\/index.php\/quienes-somos\/","title":{"rendered":"Quienes Somos"},"content":{"rendered":"[vc_row full_width=&#8221;stretch_row_content_no_spaces&#8221;][vc_column]\n\t\t\t<!-- START Quienes somos REVOLUTION SLIDER 6.6.9 --><p class=\"rs-p-wp-fix\"><\/p>\n\t\t\t<rs-module-wrap id=\"rev_slider_14_1_wrapper\" data-source=\"gallery\" style=\"visibility:hidden;background:transparent;padding:0;margin:0px auto;margin-top:0;margin-bottom:0;\">\n\t\t\t\t<rs-module id=\"rev_slider_14_1\" style=\"\" data-version=\"6.6.9\">\n\t\t\t\t\t<rs-slides style=\"overflow: hidden; position: absolute;\">\n\t\t\t\t\t\t<rs-slide style=\"position: absolute;\" data-key=\"rs-50\" data-title=\"Slide\" data-in=\"o:0;\" data-out=\"a:false;\">\n\t\t\t\t\t\t\t<img fetchpriority=\"high\" decoding=\"async\" src=\"\/\/vyvarquitectura.com.mx\/wp-content\/plugins\/revslider\/public\/assets\/assets\/dummy.png\" alt=\"\" title=\"Quienes-somos-banner-video_50.jpeg\" width=\"1920\" height=\"1080\" class=\"rev-slidebg tp-rs-img rs-lazyload\" data-lazyload=\"\/\/vyvarquitectura.com.mx\/wp-content\/uploads\/revslider\/video-media\/Quienes-somos-banner-video_50.jpeg\" data-no-retina>\n\t\t\t\t\t\t\t<rs-bgvideo \n\t\t\t\t\t\t\t\tdata-video=\"w:100%;h:100%;nse:false;l:true;ptimer:false;vfc:true;\"\n\t\t\t\t\t\t\t\tdata-mp4=\"\/\/vyvarquitectura.com.mx\/wp-content\/uploads\/2024\/08\/Quienes-somos-banner-video.mp4\"\n\t\t\t\t\t\t\t><\/rs-bgvideo>\n<!--\n\t\t\t\t\t\t\t--><rs-layer\n\t\t\t\t\t\t\t\tid=\"slider-14-slide-50-layer-0\" \n\t\t\t\t\t\t\t\tdata-type=\"text\"\n\t\t\t\t\t\t\t\tdata-rsp_ch=\"on\"\n\t\t\t\t\t\t\t\tdata-xy=\"x:c,l,c,c;y:m;\"\n\t\t\t\t\t\t\t\tdata-text=\"w:nowrap;s:80,100,36,36;l:57,47,35,21;\"\n\t\t\t\t\t\t\t\tdata-dim=\"w:852px,703px,590px,364px;h:69px,56px,auto,auto;\"\n\t\t\t\t\t\t\t\tdata-basealign=\"slide\"\n\t\t\t\t\t\t\t\tdata-frame_0=\"o:1;\"\n\t\t\t\t\t\t\t\tdata-frame_0_chars=\"d:5;o:0;rX:90deg;oZ:-50;\"\n\t\t\t\t\t\t\t\tdata-frame_1=\"sp:1750;\"\n\t\t\t\t\t\t\t\tdata-frame_1_chars=\"e:power4.inOut;d:10;oZ:-50;\"\n\t\t\t\t\t\t\t\tdata-frame_999=\"o:0;st:w;\"\n\t\t\t\t\t\t\t\tstyle=\"z-index:3;font-family:'swis_bold';\"\n\t\t\t\t\t\t\t><span class=\"texto-sombreado\">QUIENES SOMOS<\/span> \n\t\t\t\t\t\t\t<\/rs-layer><!--\n-->\t\t\t\t\t\t<\/rs-slide>\n\t\t\t\t\t<\/rs-slides>\n\t\t\t\t<\/rs-module>\n\t\t\t\t<script>\n\t\t\t\t\tsetREVStartSize({c: 'rev_slider_14_1',rl:[1240,1024,778,480],el:[500,768,960,720],gw:[1240,1024,778,480],gh:[500,500,960,720],type:'standard',justify:'',layout:'fullwidth',mh:\"0\"});if (window.RS_MODULES!==undefined && window.RS_MODULES.modules!==undefined && window.RS_MODULES.modules[\"revslider141\"]!==undefined) {window.RS_MODULES.modules[\"revslider141\"].once = false;window.revapi14 = undefined;if (window.RS_MODULES.checkMinimal!==undefined) window.RS_MODULES.checkMinimal()}\n\t\t\t\t<\/script>\n\t\t\t<\/rs-module-wrap>\n\t\t\t<!-- END REVOLUTION SLIDER -->\n[\/vc_column][\/vc_row][vc_row full_width=&#8221;stretch_row&#8221; css=&#8221;.vc_custom_1720115319082{padding-top: 50px !important;padding-bottom: 100px !important;background-image: url(https:\/\/vyvarquitectura.com.mx\/wp-content\/uploads\/2023\/12\/texturafondo.png?id=2315) !important;background-position: center !important;background-repeat: no-repeat !important;background-size: cover !important;}&#8221; el_class=&#8221;imagen-arriba&#8221;][vc_column][vc_column_text][\/vc_column_text][vc_single_image image=&#8221;2533&#8243; img_size=&#8221;full&#8221; alignment=&#8221;center&#8221; onclick=&#8221;custom_link&#8221; img_link_target=&#8221;_blank&#8221; css_animation=&#8221;none&#8221; link=&#8221;https:\/\/vyvarquitectura.com.mx\/index.php\/postcovid19\/&#8221;]<div class=\"norebro-text-sc \" \n\tid=\"norebro-custom-69f1f05262622\" \n\t data-aos=\"fade-up\" \n\t>\n\n\t<p style=\"text-align: center;\"><span style=\"font-family: swis_bt; font-size: 22px; color: #102a43;\">Nos conformamos como un conjunto de profesionales comprometidos y dedicados a materializar la transformaci\u00f3n de tus espacios. Nuestra pasi\u00f3n radica en llevar tus ideas arquitect\u00f3nicas a nuevas alturas, creando entornos que inspiran y elevan tu experiencia corporativa.<\/span><\/p>\n\t\n<\/div>[\/vc_column][\/vc_row][vc_row full_width=&#8221;stretch_row&#8221; css=&#8221;.vc_custom_1707437086120{padding-top: 38px !important;padding-bottom: 38px !important;background-color: #102a43 !important;}&#8221;][vc_column]<div class=\"norebro-text-sc planeacion\" \n\tid=\"norebro-custom-69f1f05262699\" \n\t data-aos=\"flip-down\" \n\t>\n\n\t<p style=\"text-align: center;\">\u00bfQui\u00e9nes Somos?<\/p>\n\t\n<\/div>[\/vc_column][\/vc_row][vc_row full_width=&#8221;stretch_row&#8221; css_animation=&#8221;none&#8221; css=&#8221;.vc_custom_1724454800339{padding-top: 200px !important;padding-bottom: 350px !important;background-image: url(https:\/\/vyvarquitectura.com.mx\/wp-content\/uploads\/2024\/03\/bannerquienessomos.png?id=3498) !important;background-position: center !important;background-repeat: no-repeat !important;background-size: cover !important;}&#8221; el_class=&#8221;imagen-arriba-abajo&#8221;][vc_column width=&#8221;5\/12&#8243;][\/vc_column][vc_column width=&#8221;7\/12&#8243;]<div class=\"norebro-text-sc texto-sombreado\" \n\tid=\"norebro-custom-69f1f052626c9\" \n\t data-aos=\"flip-down\" \n\t>\n\n\t<p style=\"text-align: justify;\"><span style=\"font-family: swis_bt; font-size: 22px;\">Somos una Firma de Arquitectura con grandes ideas y con conocimiento para construirlas. Basado en una comunidad de diversos talentos, experiencias y personalidades.<\/span><\/p>\n\t\n<\/div>[\/vc_column][\/vc_row][vc_row full_width=&#8221;stretch_row&#8221; css=&#8221;.vc_custom_1707437098780{padding-top: 38px !important;padding-bottom: 38px !important;background-color: #102a43 !important;}&#8221;][vc_column]<div class=\"norebro-text-sc planeacion\" \n\tid=\"norebro-custom-69f1f052626e2\" \n\t data-aos=\"flip-down\" \n\t>\n\n\t<p style=\"text-align: center;\">Antecedentes<\/p>\n\t\n<\/div>[\/vc_column][\/vc_row][vc_row full_width=&#8221;stretch_row&#8221; css_animation=&#8221;none&#8221; css=&#8221;.vc_custom_1724454850019{padding-top: 200px !important;padding-bottom: 350px !important;background: rgba(0,11,55,0.33) url(https:\/\/vyvarquitectura.com.mx\/wp-content\/uploads\/2024\/04\/bannerantecedentes-1.png?id=3584) !important;background-position: center !important;background-repeat: no-repeat !important;background-size: cover !important;*background-color: rgb(0,11,55) !important;}&#8221; el_class=&#8221;imagen-arriba-abajo&#8221;][vc_column width=&#8221;7\/12&#8243;]<div class=\"norebro-text-sc texto-sombreado\" \n\tid=\"norebro-custom-69f1f05262702\" \n\t data-aos=\"flip-down\" \n\t>\n\n\t<p style=\"text-align: justify;\"><span style=\"font-family: swis_bt; font-size: 22px;\">V&amp;V Arquitectura fundada en 1996, da forma desde entonces a esos atributos para dar paso a un deseo com\u00fan de crear espacios inspiradores para que las personas trabajen, vivan y disfruten de ellas.<\/span><\/p>\n\t\n<\/div>[\/vc_column][vc_column width=&#8221;5\/12&#8243;][\/vc_column][\/vc_row][vc_row full_width=&#8221;stretch_row&#8221; css=&#8221;.vc_custom_1707437114012{padding-top: 38px !important;padding-bottom: 38px !important;background-color: #102a43 !important;}&#8221;][vc_column]<div class=\"norebro-text-sc planeacion\" \n\tid=\"norebro-custom-69f1f05262718\" \n\t data-aos=\"flip-down\" \n\t>\n\n\t<p style=\"text-align: center;\">Lidereamos<\/p>\n\t\n<\/div>[\/vc_column][\/vc_row][vc_row full_width=&#8221;stretch_row&#8221; css_animation=&#8221;none&#8221; css=&#8221;.vc_custom_1724454900323{padding-top: 200px !important;padding-bottom: 200px !important;background-image: url(https:\/\/vyvarquitectura.com.mx\/wp-content\/uploads\/2024\/03\/lidereamos.png?id=3515) !important;background-position: center !important;background-repeat: no-repeat !important;background-size: cover !important;}&#8221; el_class=&#8221;imagen-abajo&#8221;][vc_column width=&#8221;5\/12&#8243;][\/vc_column][vc_column width=&#8221;7\/12&#8243;]<div class=\"norebro-text-sc text-vyv texto-sombreado\" \n\tid=\"norebro-custom-69f1f05262737\" \n\t data-aos=\"flip-down\" \n\t>\n\n\t<p style=\"text-align: justify;\"><span style=\"font-family: swis_bt; font-size: 22px;\">Lideres en el manejo de Proyectos de Interiorismo Corporativo e Industrial bajo el Esquema Llave en Mano (Planeaci\u00f3n, Dise\u00f1o y Construcci\u00f3n), mediante una Metodolog\u00eda propia de \u00e9xito para proyectos de este g\u00e9nero, siguiendo lineamientos de sustentabilidad y criterios.<\/span><\/p>\n\t\n<\/div>[\/vc_column][\/vc_row][vc_row full_width=&#8221;stretch_row&#8221; el_class=&#8221;services-desktop&#8221; el_id=&#8221;Servicios&#8221; css=&#8221;.vc_custom_1706556386917{padding-top: 50px !important;padding-bottom: 50px !important;background-image: url(https:\/\/vyvarquitectura.com.mx\/wp-content\/uploads\/2023\/12\/texturafondo.png?id=2315) !important;background-position: center !important;background-repeat: no-repeat !important;background-size: cover !important;}&#8221;][vc_column css=&#8221;.vc_custom_1706555167482{background-position: center !important;background-repeat: no-repeat !important;background-size: cover !important;}&#8221;]<div class=\"norebro-text-sc \" \n\tid=\"norebro-custom-69f1f0526274f\" \n\t data-aos=\"flip-down\" \n\t>\n\n\t<p style=\"text-align: center;\"><span style=\"font-family: swis_bold; font-size: 40px; color: #102a43;\">EQUIPO<\/span><\/p>\n\t\n<\/div>[vc_video link=&#8221;https:\/\/www.youtube.com\/watch?v=rH8u7FOzO0k&#8221; el_width=&#8221;50&#8243; align=&#8221;center&#8221;][\/vc_column][\/vc_row]\n","protected":false},"excerpt":{"rendered":"<p>[vc_row full_width=&#8221;stretch_row_content_no_spaces&#8221;][vc_column][\/vc_column][\/vc_row][vc_row full_width=&#8221;stretch_row&#8221; css=&#8221;.vc_custom_1720115319082{padding-top: 50px !important;padding-bottom: 100px !important;background-image: url(https:\/\/vyvarquitectura.com.mx\/wp-content\/uploads\/2023\/12\/texturafondo.png?id=2315) !important;background-position: center !important;background-repeat: no-repeat !important;background-size:&#8230;<\/p>\n","protected":false},"author":2,"featured_media":0,"parent":0,"menu_order":0,"comment_status":"closed","ping_status":"open","template":"","meta":{"footnotes":""},"class_list":["post-2589","page","type-page","status-publish","hentry"],"acf":[],"yoast_head":"<!-- This site is optimized with the Yoast SEO plugin v27.4 - https:\/\/yoast.com\/product\/yoast-seo-wordpress\/ -->\n<title>Quienes Somos - V&amp;V Arquitectura<\/title>\n<meta name=\"robots\" content=\"index, follow, max-snippet:-1, max-image-preview:large, max-video-preview:-1\" \/>\n<link rel=\"canonical\" href=\"https:\/\/vyvarquitectura.com.mx\/index.php\/quienes-somos\/\" \/>\n<meta property=\"og:locale\" content=\"es_MX\" \/>\n<meta property=\"og:type\" content=\"article\" \/>\n<meta property=\"og:title\" content=\"Quienes Somos - V&amp;V Arquitectura\" \/>\n<meta property=\"og:description\" content=\"[vc_row full_width=&#8221;stretch_row_content_no_spaces&#8221;][vc_column][\/vc_column][\/vc_row][vc_row full_width=&#8221;stretch_row&#8221; css=&#8221;.vc_custom_1720115319082{padding-top: 50px !important;padding-bottom: 100px !important;background-image: url(https:\/\/vyvarquitectura.com.mx\/wp-content\/uploads\/2023\/12\/texturafondo.png?id=2315) !important;background-position: center !important;background-repeat: no-repeat !important;background-size:...\" \/>\n<meta property=\"og:url\" content=\"https:\/\/vyvarquitectura.com.mx\/index.php\/quienes-somos\/\" \/>\n<meta property=\"og:site_name\" content=\"V&amp;V Arquitectura\" \/>\n<meta property=\"article:publisher\" content=\"https:\/\/www.facebook.com\/vyvarquitectura\" \/>\n<meta property=\"article:modified_time\" content=\"2024-08-23T23:15:11+00:00\" \/>\n<meta name=\"twitter:card\" content=\"summary_large_image\" \/>\n<meta name=\"twitter:site\" content=\"@vyvarquitectura\" \/>\n<meta name=\"twitter:label1\" content=\"Tiempo de lectura\" \/>\n\t<meta name=\"twitter:data1\" content=\"2 minutos\" \/>\n<script type=\"application\/ld+json\" class=\"yoast-schema-graph\">{\"@context\":\"https:\\\/\\\/schema.org\",\"@graph\":[{\"@type\":\"WebPage\",\"@id\":\"https:\\\/\\\/vyvarquitectura.com.mx\\\/index.php\\\/quienes-somos\\\/\",\"url\":\"https:\\\/\\\/vyvarquitectura.com.mx\\\/index.php\\\/quienes-somos\\\/\",\"name\":\"Quienes Somos - V&amp;V Arquitectura\",\"isPartOf\":{\"@id\":\"https:\\\/\\\/vyvarquitectura.com.mx\\\/#website\"},\"datePublished\":\"2024-01-05T20:22:54+00:00\",\"dateModified\":\"2024-08-23T23:15:11+00:00\",\"breadcrumb\":{\"@id\":\"https:\\\/\\\/vyvarquitectura.com.mx\\\/index.php\\\/quienes-somos\\\/#breadcrumb\"},\"inLanguage\":\"es\",\"potentialAction\":[{\"@type\":\"ReadAction\",\"target\":[\"https:\\\/\\\/vyvarquitectura.com.mx\\\/index.php\\\/quienes-somos\\\/\"]}]},{\"@type\":\"BreadcrumbList\",\"@id\":\"https:\\\/\\\/vyvarquitectura.com.mx\\\/index.php\\\/quienes-somos\\\/#breadcrumb\",\"itemListElement\":[{\"@type\":\"ListItem\",\"position\":1,\"name\":\"Inicio\",\"item\":\"https:\\\/\\\/vyvarquitectura.com.mx\\\/\"},{\"@type\":\"ListItem\",\"position\":2,\"name\":\"Quienes Somos\"}]},{\"@type\":\"WebSite\",\"@id\":\"https:\\\/\\\/vyvarquitectura.com.mx\\\/#website\",\"url\":\"https:\\\/\\\/vyvarquitectura.com.mx\\\/\",\"name\":\"V&V Arquitectura\",\"description\":\"Despacho de arquitectura\",\"publisher\":{\"@id\":\"https:\\\/\\\/vyvarquitectura.com.mx\\\/#organization\"},\"potentialAction\":[{\"@type\":\"SearchAction\",\"target\":{\"@type\":\"EntryPoint\",\"urlTemplate\":\"https:\\\/\\\/vyvarquitectura.com.mx\\\/?s={search_term_string}\"},\"query-input\":{\"@type\":\"PropertyValueSpecification\",\"valueRequired\":true,\"valueName\":\"search_term_string\"}}],\"inLanguage\":\"es\"},{\"@type\":\"Organization\",\"@id\":\"https:\\\/\\\/vyvarquitectura.com.mx\\\/#organization\",\"name\":\"V&V Arquitectura\",\"url\":\"https:\\\/\\\/vyvarquitectura.com.mx\\\/\",\"logo\":{\"@type\":\"ImageObject\",\"inLanguage\":\"es\",\"@id\":\"https:\\\/\\\/vyvarquitectura.com.mx\\\/#\\\/schema\\\/logo\\\/image\\\/\",\"url\":\"https:\\\/\\\/vyvarquitectura.com.mx\\\/wp-content\\\/uploads\\\/2020\\\/10\\\/VV-LOGO_.jpg\",\"contentUrl\":\"https:\\\/\\\/vyvarquitectura.com.mx\\\/wp-content\\\/uploads\\\/2020\\\/10\\\/VV-LOGO_.jpg\",\"width\":1830,\"height\":767,\"caption\":\"V&V Arquitectura\"},\"image\":{\"@id\":\"https:\\\/\\\/vyvarquitectura.com.mx\\\/#\\\/schema\\\/logo\\\/image\\\/\"},\"sameAs\":[\"https:\\\/\\\/www.facebook.com\\\/vyvarquitectura\",\"https:\\\/\\\/x.com\\\/vyvarquitectura\",\"https:\\\/\\\/www.instagram.com\",\"https:\\\/\\\/www.linkedin.com\\\/company\\\/vyvarquitectura\\\/\"]}]}<\/script>\n<!-- \/ Yoast SEO plugin. -->","yoast_head_json":{"title":"Quienes Somos - V&amp;V Arquitectura","robots":{"index":"index","follow":"follow","max-snippet":"max-snippet:-1","max-image-preview":"max-image-preview:large","max-video-preview":"max-video-preview:-1"},"canonical":"https:\/\/vyvarquitectura.com.mx\/index.php\/quienes-somos\/","og_locale":"es_MX","og_type":"article","og_title":"Quienes Somos - V&amp;V Arquitectura","og_description":"[vc_row full_width=&#8221;stretch_row_content_no_spaces&#8221;][vc_column][\/vc_column][\/vc_row][vc_row full_width=&#8221;stretch_row&#8221; css=&#8221;.vc_custom_1720115319082{padding-top: 50px !important;padding-bottom: 100px !important;background-image: url(https:\/\/vyvarquitectura.com.mx\/wp-content\/uploads\/2023\/12\/texturafondo.png?id=2315) !important;background-position: center !important;background-repeat: no-repeat !important;background-size:...","og_url":"https:\/\/vyvarquitectura.com.mx\/index.php\/quienes-somos\/","og_site_name":"V&amp;V Arquitectura","article_publisher":"https:\/\/www.facebook.com\/vyvarquitectura","article_modified_time":"2024-08-23T23:15:11+00:00","twitter_card":"summary_large_image","twitter_site":"@vyvarquitectura","twitter_misc":{"Tiempo de lectura":"2 minutos"},"schema":{"@context":"https:\/\/schema.org","@graph":[{"@type":"WebPage","@id":"https:\/\/vyvarquitectura.com.mx\/index.php\/quienes-somos\/","url":"https:\/\/vyvarquitectura.com.mx\/index.php\/quienes-somos\/","name":"Quienes Somos - V&amp;V Arquitectura","isPartOf":{"@id":"https:\/\/vyvarquitectura.com.mx\/#website"},"datePublished":"2024-01-05T20:22:54+00:00","dateModified":"2024-08-23T23:15:11+00:00","breadcrumb":{"@id":"https:\/\/vyvarquitectura.com.mx\/index.php\/quienes-somos\/#breadcrumb"},"inLanguage":"es","potentialAction":[{"@type":"ReadAction","target":["https:\/\/vyvarquitectura.com.mx\/index.php\/quienes-somos\/"]}]},{"@type":"BreadcrumbList","@id":"https:\/\/vyvarquitectura.com.mx\/index.php\/quienes-somos\/#breadcrumb","itemListElement":[{"@type":"ListItem","position":1,"name":"Inicio","item":"https:\/\/vyvarquitectura.com.mx\/"},{"@type":"ListItem","position":2,"name":"Quienes Somos"}]},{"@type":"WebSite","@id":"https:\/\/vyvarquitectura.com.mx\/#website","url":"https:\/\/vyvarquitectura.com.mx\/","name":"V&V Arquitectura","description":"Despacho de arquitectura","publisher":{"@id":"https:\/\/vyvarquitectura.com.mx\/#organization"},"potentialAction":[{"@type":"SearchAction","target":{"@type":"EntryPoint","urlTemplate":"https:\/\/vyvarquitectura.com.mx\/?s={search_term_string}"},"query-input":{"@type":"PropertyValueSpecification","valueRequired":true,"valueName":"search_term_string"}}],"inLanguage":"es"},{"@type":"Organization","@id":"https:\/\/vyvarquitectura.com.mx\/#organization","name":"V&V Arquitectura","url":"https:\/\/vyvarquitectura.com.mx\/","logo":{"@type":"ImageObject","inLanguage":"es","@id":"https:\/\/vyvarquitectura.com.mx\/#\/schema\/logo\/image\/","url":"https:\/\/vyvarquitectura.com.mx\/wp-content\/uploads\/2020\/10\/VV-LOGO_.jpg","contentUrl":"https:\/\/vyvarquitectura.com.mx\/wp-content\/uploads\/2020\/10\/VV-LOGO_.jpg","width":1830,"height":767,"caption":"V&V Arquitectura"},"image":{"@id":"https:\/\/vyvarquitectura.com.mx\/#\/schema\/logo\/image\/"},"sameAs":["https:\/\/www.facebook.com\/vyvarquitectura","https:\/\/x.com\/vyvarquitectura","https:\/\/www.instagram.com","https:\/\/www.linkedin.com\/company\/vyvarquitectura\/"]}]}},"_links":{"self":[{"href":"https:\/\/vyvarquitectura.com.mx\/index.php\/wp-json\/wp\/v2\/pages\/2589","targetHints":{"allow":["GET"]}}],"collection":[{"href":"https:\/\/vyvarquitectura.com.mx\/index.php\/wp-json\/wp\/v2\/pages"}],"about":[{"href":"https:\/\/vyvarquitectura.com.mx\/index.php\/wp-json\/wp\/v2\/types\/page"}],"author":[{"embeddable":true,"href":"https:\/\/vyvarquitectura.com.mx\/index.php\/wp-json\/wp\/v2\/users\/2"}],"replies":[{"embeddable":true,"href":"https:\/\/vyvarquitectura.com.mx\/index.php\/wp-json\/wp\/v2\/comments?post=2589"}],"version-history":[{"count":122,"href":"https:\/\/vyvarquitectura.com.mx\/index.php\/wp-json\/wp\/v2\/pages\/2589\/revisions"}],"predecessor-version":[{"id":3853,"href":"https:\/\/vyvarquitectura.com.mx\/index.php\/wp-json\/wp\/v2\/pages\/2589\/revisions\/3853"}],"wp:attachment":[{"href":"https:\/\/vyvarquitectura.com.mx\/index.php\/wp-json\/wp\/v2\/media?parent=2589"}],"curies":[{"name":"wp","href":"https:\/\/api.w.org\/{rel}","templated":true}]}}