{"id":3,"date":"2020-06-25T21:47:02","date_gmt":"2020-06-25T21:47:02","guid":{"rendered":"https:\/\/vyvarquitectura.com.mx\/?page_id=3"},"modified":"2020-07-21T11:06:56","modified_gmt":"2020-07-21T16:06:56","slug":"politica-privacidad","status":"publish","type":"page","link":"https:\/\/vyvarquitectura.com.mx\/index.php\/politica-privacidad\/","title":{"rendered":"Pol\u00edtica de Privacidad                                                 V&#038;V Arquitectura"},"content":{"rendered":"\n<p class=\"has-text-align-justify\">Taller de Acabados M\u00e9xico, S. de R.L. de C.V., con marca comercial V&amp;V Arquitectura, con domicilio en calle R\u00edo Lerma no. 232 piso 23-A, Colonia Cuauht\u00e9moc, Ciudad de M\u00e9xico, Alcald\u00eda&nbsp; Cuauht\u00e9moc, C.P. 06500, en la entidad de Ciudad de M\u00e9xico, y portal de internet <a href=\"https:\/\/vyvarquitectura.com.mx\">www.vyvarquitectura.com.mx<\/a>, es el responsable del uso y protecci\u00f3n de sus datos personales, y al respecto le informamos lo siguiente:<\/p>\n\n\n\n<h3 class=\"wp-block-heading\"><strong>\u00bfPara qu\u00e9 fines utilizaremos sus datos personales?<\/strong><\/h3>\n\n\n\n<p>De manera adicional, utilizaremos su informaci\u00f3n comercial y personal para las siguientes finalidades que nos permiten y facilitan brindarle una mejor atenci\u00f3n:<\/p>\n\n\n\n<ul class=\"wp-block-list\"><li>Contacto para asesor\u00eda de servicios.<\/li><li>Seguimiento de consultas hechas por medio de nuestro&nbsp;sitio web<\/li><li>Entrega de informaci\u00f3n sobre proyectos de la empresa.<\/li><li>Corroborar identidad y datos de la persona.<\/li><li>Mercadotecnia y\/o publicidad.<\/li><li>Prospecci\u00f3n comercial.<\/li><\/ul>\n\n\n\n<p class=\"has-text-align-justify\">Respetando sus derechos ARCO (Ley Federal de Protecci\u00f3n de Datos Personales en Posesi\u00f3n de Particulares), en caso de que no desee que sus datos personales se utilicen para estos fines secundarios, ind\u00edquelo enviando un correo electr\u00f3nico a <a href=\"mailto:informacion@vyvarquitectura.com.mx\">informacion@vyvarquitectura.com.mx<\/a> con el texto a continuaci\u00f3n:<\/p>\n\n\n\n<p>No consiento que mis datos personales se utilicen para los siguientes fines:<\/p>\n\n\n\n<ul class=\"wp-block-list\"><li>[&nbsp; ] contacto para asesor\u00eda de servicios <\/li><li>[&nbsp; ] seguimiento de consultas hechas por medio del sitio web<\/li><li>[&nbsp; ] seguimiento de consultas hechas por medio del sitio web<\/li><li>[&nbsp; ] entrega de informaci\u00f3n sobre proyectos de la empresa<\/li><li>[&nbsp; ] corroborar identidad y datos de la persona<\/li><li>[&nbsp; ] mercadotecnia o publicitaria<\/li><li>[&nbsp; ] prospecci\u00f3n comercial<\/li><\/ul>\n\n\n\n<p>La negativa para el uso de sus datos personales para estas finalidades no podr\u00e1 ser un motivo para que le neguemos los servicios y productos que solicita o contrata con nosotros.<\/p>\n\n\n\n<h3 class=\"wp-block-heading\"><strong>\u00bfQu\u00e9 datos personales utilizaremos para estos fines?<\/strong><\/h3>\n\n\n\n<p>Para llevar a cabo las finalidades descritas en el presente aviso de privacidad, utilizaremos los siguientes datos personales:<\/p>\n\n\n\n<ul class=\"wp-block-list\"><li>Nombre.<\/li><li>Tel\u00e9fono de oficina.<\/li><li>Tel\u00e9fono celular.<\/li><li>Puesto o cargo que desempe\u00f1a.<\/li><li>Correo electr\u00f3nico institucional.<\/li><\/ul>\n\n\n\n<h3 class=\"wp-block-heading\"><strong>\u00bfC\u00f3mo puede acceder, rectificar o cancelar sus datos personales, u oponerse a su uso?<\/strong><\/h3>\n\n\n\n<p class=\"has-text-align-justify\">Usted tiene derecho a conocer qu\u00e9 datos personales tenemos de usted, para qu\u00e9 los utilizamos y las condiciones del uso que les damos (Acceso). Asimismo, es su derecho solicitar la correcci\u00f3n de su informaci\u00f3n personal en caso de que est\u00e9 desactualizada, sea inexacta o incompleta (Rectificaci\u00f3n); que la eliminemos de nuestros registros o bases de datos cuando considere que la misma no est\u00e1 siendo utilizada adecuadamente (Cancelaci\u00f3n); as\u00ed como oponerse al uso de sus datos personales para fines espec\u00edficos (Oposici\u00f3n). Estos derechos se conocen como derechos ARCO.<\/p>\n\n\n\n<p>Para el ejercicio de cualquiera de los derechos arco, usted deber\u00e1 presentar la solicitud respectiva a trav\u00e9s del siguiente medio:<\/p>\n\n\n\n<p>Por medio de correo electr\u00f3nico a: <a href=\"mailto:informacion@vyvarquitectura.com.mx\">informacion@vyvarquitectura.com.mx<\/a><\/p>\n\n\n\n<p>Para conocer el procedimiento y requisitos para el ejercicio de los derechos ARCO, ponemos a su disposici\u00f3n el siguiente medio:<\/p>\n\n\n\n<p>Por medio de correo electr\u00f3nico a: <a href=\"mailto:informacion@vyvarquitectura.com.mx\">informacion@vyvarquitectura.com.mx<\/a><\/p>\n\n\n\n<p>Los datos de contacto de la persona o departamento de datos personales, que est\u00e1 a cargo de dar tr\u00e1mite a las solicitudes de derechos arco, son los siguientes:<\/p>\n\n\n\n<p>a) Direcci\u00f3n Comercial de V&amp;V Arquitectura<\/p>\n\n\n\n<p>b) Domicilio: Calle R\u00edo Lerma no. 232 piso 23-A, Colonia Cuauht\u00e9moc, Ciudad de M\u00e9xico, Alcald\u00eda Cuauht\u00e9moc, C.P. 06500, en la entidad de Ciudad de M\u00e9xico<\/p>\n\n\n\n<p>c) correo electr\u00f3nico: <a href=\"mailto:informacion@vyvarquitectura.com.mx\">informacion@vyvarquitectura.com.mx<\/a><\/p>\n\n\n\n<p>d) n\u00famero telef\u00f3nico: 55 5236 4186<\/p>\n\n\n\n<h2 class=\"wp-block-heading\"><strong>Usted puede revocar su consentimiento para el uso de sus datos personales<\/strong><\/h2>\n\n\n\n<p class=\"has-text-align-justify\">Usted puede revocar el consentimiento que, en su caso, nos haya otorgado para el tratamiento de sus datos personales. Sin embargo, es importante que tenga en cuenta que no en todos los casos podremos atender su solicitud o concluir el uso de forma inmediata, ya que es posible que por alguna obligaci\u00f3n legal requiramos seguir tratando sus datos personales. Asimismo, usted deber\u00e1 considerar que para ciertos fines, la revocaci\u00f3n de su consentimiento implicar\u00e1 que no le podamos seguir prestando el servicio que nos solicit\u00f3, o la conclusi\u00f3n de su relaci\u00f3n con nosotros.<\/p>\n\n\n\n<p>Para revocar su consentimiento deber\u00e1 presentar su solicitud a trav\u00e9s del siguiente medio:<\/p>\n\n\n\n<p>Por medio de correo electr\u00f3nico a: <a href=\"mailto:informacion@vyvarquitectura.com.mx\">informacion@vyvarquitectura.com.mx<\/a><\/p>\n\n\n\n<p>Para conocer el procedimiento y requisitos para la revocaci\u00f3n del consentimiento, ponemos a su disposici\u00f3n el siguiente medio:<\/p>\n\n\n\n<p>Por medio de correo electr\u00f3nico a: <a href=\"mailto:informacion@vyvarquitectura.com.mx\">informacion@vyvarquitectura.com.mx<\/a><\/p>\n\n\n\n<h2 class=\"wp-block-heading\"><strong>\u00bfC\u00f3mo puede limitar el uso o divulgaci\u00f3n de su informaci\u00f3n personal?<\/strong><\/h2>\n\n\n\n<p>Con objeto de que usted pueda limitar el uso y divulgaci\u00f3n de su informaci\u00f3n personal, le ofrecemos los siguientes medios:<\/p>\n\n\n\n<p>Por medio de correo electr\u00f3nico a: <a href=\"mailto:informacion@vyvarquitectura.com.mx\">informacion@vyvarquitectura.com.mx<\/a><\/p>\n\n\n\n<h2 class=\"wp-block-heading\"><strong>El uso de tecnolog\u00edas de rastreo en nuestro portal de internet<\/strong><\/h2>\n\n\n\n<p class=\"has-text-align-justify\">Le informamos que en nuestra p\u00e1gina de internet utilizamos cookies, web beacons u otras tecnolog\u00edas, a trav\u00e9s de las cuales es posible monitorear su comportamiento como usuario de internet, as\u00ed como brindarle un mejor servicio y experiencia al navegar en nuestra p\u00e1gina. Los datos personales que recabamos a trav\u00e9s de estas tecnolog\u00edas, los utilizaremos para los siguientes fines:<\/p>\n\n\n\n<ul class=\"wp-block-list\"><li>Medir el alcance de nuestro contenido.<\/li><li>Mejorar las estrategias de marketing seg\u00fan resultados.<\/li><li>Realizar m\u00e9tricas de las audiencias<\/li><\/ul>\n\n\n\n<p>Los datos personales que obtenemos de estas tecnolog\u00edas de rastreo son los siguientes:<\/p>\n\n\n\n<ul class=\"wp-block-list\"><li>Idioma preferido por el usuario.<\/li><li>Regi\u00f3n en la que se encuentra el usuario.<\/li><li>Tipo de navegador del usuario.<\/li><li>Tipo de sistema operativo del usuario.<\/li><li>P\u00e1ginas web visitadas por un usuario.<\/li><li>M\u00e9todo de acceso a nuestro sitio.<\/li><li>Comportamiento dentro del sitio.<\/li><\/ul>\n\n\n\n<h2 class=\"wp-block-heading\"><strong>\u00bfC\u00f3mo puede conocer los cambios en este aviso de privacidad?<\/strong><\/h2>\n\n\n\n<p class=\"has-text-align-justify\">El presente aviso de privacidad puede sufrir modificaciones, cambios o actualizaciones derivadas de nuevos requerimientos legales; de nuestras propias necesidades por los productos o servicios que ofrecemos; de nuestras pr\u00e1cticas de privacidad; de cambios en nuestro modelo de negocio, o por otras causas. Nos comprometemos a mantenerlo informado sobre los cambios que pueda sufrir el presente aviso de privacidad, a trav\u00e9s de actualizaciones en el sitio web.<\/p>\n\n\n\n<p>El procedimiento a trav\u00e9s del cual se llevar\u00e1n a cabo las notificaciones sobre cambios o actualizaciones al presente aviso de privacidad es el siguiente:<\/p>\n\n\n\n<p>Se avisar\u00e1 por medio del sitio web, en la secci\u00f3n \\&#8221;Aviso de Privacidad\\&#8221;<\/p>\n\n\n\n<p class=\"has-text-align-right\">\u00daltima Actualizaci\u00f3n: 01\/07\/2020<\/p>\n\n\n\n<p><\/p>\n","protected":false},"excerpt":{"rendered":"<p>Taller de Acabados M\u00e9xico, S. de R.L. de C.V., con marca comercial V&amp;V Arquitectura,&#8230;<\/p>\n","protected":false},"author":1,"featured_media":146,"parent":0,"menu_order":0,"comment_status":"closed","ping_status":"open","template":"","meta":{"footnotes":""},"class_list":["post-3","page","type-page","status-publish","has-post-thumbnail","hentry"],"acf":[],"yoast_head":"<!-- This site is optimized with the Yoast SEO plugin v27.4 - https:\/\/yoast.com\/product\/yoast-seo-wordpress\/ -->\n<title>Pol\u00edtica de Privacidad                         V&amp;V Arquitectura - V&amp;V Arquitectura<\/title>\n<meta name=\"robots\" content=\"index, follow, max-snippet:-1, max-image-preview:large, max-video-preview:-1\" \/>\n<link rel=\"canonical\" href=\"https:\/\/vyvarquitectura.com.mx\/index.php\/politica-privacidad\/\" \/>\n<meta property=\"og:locale\" content=\"es_MX\" \/>\n<meta property=\"og:type\" content=\"article\" \/>\n<meta property=\"og:title\" content=\"Pol\u00edtica de Privacidad                         V&amp;V Arquitectura - V&amp;V Arquitectura\" \/>\n<meta property=\"og:description\" content=\"Taller de Acabados M\u00e9xico, S. de R.L. de C.V., con marca comercial V&amp;V Arquitectura,...\" \/>\n<meta property=\"og:url\" content=\"https:\/\/vyvarquitectura.com.mx\/index.php\/politica-privacidad\/\" \/>\n<meta property=\"og:site_name\" content=\"V&amp;V Arquitectura\" \/>\n<meta property=\"article:publisher\" content=\"https:\/\/www.facebook.com\/vyvarquitectura\" \/>\n<meta property=\"article:modified_time\" content=\"2020-07-21T16:06:56+00:00\" \/>\n<meta property=\"og:image\" content=\"https:\/\/vyvarquitectura.com.mx\/wp-content\/uploads\/2020\/06\/img_0783r-min.jpg\" \/>\n\t<meta property=\"og:image:width\" content=\"1920\" \/>\n\t<meta property=\"og:image:height\" content=\"1280\" \/>\n\t<meta property=\"og:image:type\" content=\"image\/jpeg\" \/>\n<meta name=\"twitter:card\" content=\"summary_large_image\" \/>\n<meta name=\"twitter:site\" content=\"@vyvarquitectura\" \/>\n<meta name=\"twitter:label1\" content=\"Tiempo de lectura\" \/>\n\t<meta name=\"twitter:data1\" content=\"5 minutos\" \/>\n<script type=\"application\/ld+json\" class=\"yoast-schema-graph\">{\"@context\":\"https:\\\/\\\/schema.org\",\"@graph\":[{\"@type\":\"WebPage\",\"@id\":\"https:\\\/\\\/vyvarquitectura.com.mx\\\/index.php\\\/politica-privacidad\\\/\",\"url\":\"https:\\\/\\\/vyvarquitectura.com.mx\\\/index.php\\\/politica-privacidad\\\/\",\"name\":\"Pol\u00edtica de Privacidad V&V Arquitectura - V&amp;V Arquitectura\",\"isPartOf\":{\"@id\":\"https:\\\/\\\/vyvarquitectura.com.mx\\\/#website\"},\"primaryImageOfPage\":{\"@id\":\"https:\\\/\\\/vyvarquitectura.com.mx\\\/index.php\\\/politica-privacidad\\\/#primaryimage\"},\"image\":{\"@id\":\"https:\\\/\\\/vyvarquitectura.com.mx\\\/index.php\\\/politica-privacidad\\\/#primaryimage\"},\"thumbnailUrl\":\"https:\\\/\\\/vyvarquitectura.com.mx\\\/wp-content\\\/uploads\\\/2020\\\/06\\\/img_0783r-min.jpg\",\"datePublished\":\"2020-06-25T21:47:02+00:00\",\"dateModified\":\"2020-07-21T16:06:56+00:00\",\"breadcrumb\":{\"@id\":\"https:\\\/\\\/vyvarquitectura.com.mx\\\/index.php\\\/politica-privacidad\\\/#breadcrumb\"},\"inLanguage\":\"es\",\"potentialAction\":[{\"@type\":\"ReadAction\",\"target\":[\"https:\\\/\\\/vyvarquitectura.com.mx\\\/index.php\\\/politica-privacidad\\\/\"]}]},{\"@type\":\"ImageObject\",\"inLanguage\":\"es\",\"@id\":\"https:\\\/\\\/vyvarquitectura.com.mx\\\/index.php\\\/politica-privacidad\\\/#primaryimage\",\"url\":\"https:\\\/\\\/vyvarquitectura.com.mx\\\/wp-content\\\/uploads\\\/2020\\\/06\\\/img_0783r-min.jpg\",\"contentUrl\":\"https:\\\/\\\/vyvarquitectura.com.mx\\\/wp-content\\\/uploads\\\/2020\\\/06\\\/img_0783r-min.jpg\",\"width\":1920,\"height\":1280},{\"@type\":\"BreadcrumbList\",\"@id\":\"https:\\\/\\\/vyvarquitectura.com.mx\\\/index.php\\\/politica-privacidad\\\/#breadcrumb\",\"itemListElement\":[{\"@type\":\"ListItem\",\"position\":1,\"name\":\"Inicio\",\"item\":\"https:\\\/\\\/vyvarquitectura.com.mx\\\/\"},{\"@type\":\"ListItem\",\"position\":2,\"name\":\"Pol\u00edtica de Privacidad V&#038;V Arquitectura\"}]},{\"@type\":\"WebSite\",\"@id\":\"https:\\\/\\\/vyvarquitectura.com.mx\\\/#website\",\"url\":\"https:\\\/\\\/vyvarquitectura.com.mx\\\/\",\"name\":\"V&V Arquitectura\",\"description\":\"Despacho de arquitectura\",\"publisher\":{\"@id\":\"https:\\\/\\\/vyvarquitectura.com.mx\\\/#organization\"},\"potentialAction\":[{\"@type\":\"SearchAction\",\"target\":{\"@type\":\"EntryPoint\",\"urlTemplate\":\"https:\\\/\\\/vyvarquitectura.com.mx\\\/?s={search_term_string}\"},\"query-input\":{\"@type\":\"PropertyValueSpecification\",\"valueRequired\":true,\"valueName\":\"search_term_string\"}}],\"inLanguage\":\"es\"},{\"@type\":\"Organization\",\"@id\":\"https:\\\/\\\/vyvarquitectura.com.mx\\\/#organization\",\"name\":\"V&V Arquitectura\",\"url\":\"https:\\\/\\\/vyvarquitectura.com.mx\\\/\",\"logo\":{\"@type\":\"ImageObject\",\"inLanguage\":\"es\",\"@id\":\"https:\\\/\\\/vyvarquitectura.com.mx\\\/#\\\/schema\\\/logo\\\/image\\\/\",\"url\":\"https:\\\/\\\/vyvarquitectura.com.mx\\\/wp-content\\\/uploads\\\/2020\\\/10\\\/VV-LOGO_.jpg\",\"contentUrl\":\"https:\\\/\\\/vyvarquitectura.com.mx\\\/wp-content\\\/uploads\\\/2020\\\/10\\\/VV-LOGO_.jpg\",\"width\":1830,\"height\":767,\"caption\":\"V&V Arquitectura\"},\"image\":{\"@id\":\"https:\\\/\\\/vyvarquitectura.com.mx\\\/#\\\/schema\\\/logo\\\/image\\\/\"},\"sameAs\":[\"https:\\\/\\\/www.facebook.com\\\/vyvarquitectura\",\"https:\\\/\\\/x.com\\\/vyvarquitectura\",\"https:\\\/\\\/www.instagram.com\",\"https:\\\/\\\/www.linkedin.com\\\/company\\\/vyvarquitectura\\\/\"]}]}<\/script>\n<!-- \/ Yoast SEO plugin. -->","yoast_head_json":{"title":"Pol\u00edtica de Privacidad                         V&V Arquitectura - V&amp;V Arquitectura","robots":{"index":"index","follow":"follow","max-snippet":"max-snippet:-1","max-image-preview":"max-image-preview:large","max-video-preview":"max-video-preview:-1"},"canonical":"https:\/\/vyvarquitectura.com.mx\/index.php\/politica-privacidad\/","og_locale":"es_MX","og_type":"article","og_title":"Pol\u00edtica de Privacidad                         V&V Arquitectura - V&amp;V Arquitectura","og_description":"Taller de Acabados M\u00e9xico, S. de R.L. de C.V., con marca comercial V&amp;V Arquitectura,...","og_url":"https:\/\/vyvarquitectura.com.mx\/index.php\/politica-privacidad\/","og_site_name":"V&amp;V Arquitectura","article_publisher":"https:\/\/www.facebook.com\/vyvarquitectura","article_modified_time":"2020-07-21T16:06:56+00:00","og_image":[{"width":1920,"height":1280,"url":"https:\/\/vyvarquitectura.com.mx\/wp-content\/uploads\/2020\/06\/img_0783r-min.jpg","type":"image\/jpeg"}],"twitter_card":"summary_large_image","twitter_site":"@vyvarquitectura","twitter_misc":{"Tiempo de lectura":"5 minutos"},"schema":{"@context":"https:\/\/schema.org","@graph":[{"@type":"WebPage","@id":"https:\/\/vyvarquitectura.com.mx\/index.php\/politica-privacidad\/","url":"https:\/\/vyvarquitectura.com.mx\/index.php\/politica-privacidad\/","name":"Pol\u00edtica de Privacidad V&V Arquitectura - V&amp;V Arquitectura","isPartOf":{"@id":"https:\/\/vyvarquitectura.com.mx\/#website"},"primaryImageOfPage":{"@id":"https:\/\/vyvarquitectura.com.mx\/index.php\/politica-privacidad\/#primaryimage"},"image":{"@id":"https:\/\/vyvarquitectura.com.mx\/index.php\/politica-privacidad\/#primaryimage"},"thumbnailUrl":"https:\/\/vyvarquitectura.com.mx\/wp-content\/uploads\/2020\/06\/img_0783r-min.jpg","datePublished":"2020-06-25T21:47:02+00:00","dateModified":"2020-07-21T16:06:56+00:00","breadcrumb":{"@id":"https:\/\/vyvarquitectura.com.mx\/index.php\/politica-privacidad\/#breadcrumb"},"inLanguage":"es","potentialAction":[{"@type":"ReadAction","target":["https:\/\/vyvarquitectura.com.mx\/index.php\/politica-privacidad\/"]}]},{"@type":"ImageObject","inLanguage":"es","@id":"https:\/\/vyvarquitectura.com.mx\/index.php\/politica-privacidad\/#primaryimage","url":"https:\/\/vyvarquitectura.com.mx\/wp-content\/uploads\/2020\/06\/img_0783r-min.jpg","contentUrl":"https:\/\/vyvarquitectura.com.mx\/wp-content\/uploads\/2020\/06\/img_0783r-min.jpg","width":1920,"height":1280},{"@type":"BreadcrumbList","@id":"https:\/\/vyvarquitectura.com.mx\/index.php\/politica-privacidad\/#breadcrumb","itemListElement":[{"@type":"ListItem","position":1,"name":"Inicio","item":"https:\/\/vyvarquitectura.com.mx\/"},{"@type":"ListItem","position":2,"name":"Pol\u00edtica de Privacidad V&#038;V Arquitectura"}]},{"@type":"WebSite","@id":"https:\/\/vyvarquitectura.com.mx\/#website","url":"https:\/\/vyvarquitectura.com.mx\/","name":"V&V Arquitectura","description":"Despacho de arquitectura","publisher":{"@id":"https:\/\/vyvarquitectura.com.mx\/#organization"},"potentialAction":[{"@type":"SearchAction","target":{"@type":"EntryPoint","urlTemplate":"https:\/\/vyvarquitectura.com.mx\/?s={search_term_string}"},"query-input":{"@type":"PropertyValueSpecification","valueRequired":true,"valueName":"search_term_string"}}],"inLanguage":"es"},{"@type":"Organization","@id":"https:\/\/vyvarquitectura.com.mx\/#organization","name":"V&V Arquitectura","url":"https:\/\/vyvarquitectura.com.mx\/","logo":{"@type":"ImageObject","inLanguage":"es","@id":"https:\/\/vyvarquitectura.com.mx\/#\/schema\/logo\/image\/","url":"https:\/\/vyvarquitectura.com.mx\/wp-content\/uploads\/2020\/10\/VV-LOGO_.jpg","contentUrl":"https:\/\/vyvarquitectura.com.mx\/wp-content\/uploads\/2020\/10\/VV-LOGO_.jpg","width":1830,"height":767,"caption":"V&V Arquitectura"},"image":{"@id":"https:\/\/vyvarquitectura.com.mx\/#\/schema\/logo\/image\/"},"sameAs":["https:\/\/www.facebook.com\/vyvarquitectura","https:\/\/x.com\/vyvarquitectura","https:\/\/www.instagram.com","https:\/\/www.linkedin.com\/company\/vyvarquitectura\/"]}]}},"_links":{"self":[{"href":"https:\/\/vyvarquitectura.com.mx\/index.php\/wp-json\/wp\/v2\/pages\/3","targetHints":{"allow":["GET"]}}],"collection":[{"href":"https:\/\/vyvarquitectura.com.mx\/index.php\/wp-json\/wp\/v2\/pages"}],"about":[{"href":"https:\/\/vyvarquitectura.com.mx\/index.php\/wp-json\/wp\/v2\/types\/page"}],"author":[{"embeddable":true,"href":"https:\/\/vyvarquitectura.com.mx\/index.php\/wp-json\/wp\/v2\/users\/1"}],"replies":[{"embeddable":true,"href":"https:\/\/vyvarquitectura.com.mx\/index.php\/wp-json\/wp\/v2\/comments?post=3"}],"version-history":[{"count":7,"href":"https:\/\/vyvarquitectura.com.mx\/index.php\/wp-json\/wp\/v2\/pages\/3\/revisions"}],"predecessor-version":[{"id":696,"href":"https:\/\/vyvarquitectura.com.mx\/index.php\/wp-json\/wp\/v2\/pages\/3\/revisions\/696"}],"wp:featuredmedia":[{"embeddable":true,"href":"https:\/\/vyvarquitectura.com.mx\/index.php\/wp-json\/wp\/v2\/media\/146"}],"wp:attachment":[{"href":"https:\/\/vyvarquitectura.com.mx\/index.php\/wp-json\/wp\/v2\/media?parent=3"}],"curies":[{"name":"wp","href":"https:\/\/api.w.org\/{rel}","templated":true}]}}